{"id":13,"date":"2012-01-05T19:04:00","date_gmt":"2012-01-05T18:04:00","guid":{"rendered":"http:\/\/web.galpin.cz\/?page_id=13"},"modified":"2025-02-25T22:11:33","modified_gmt":"2025-02-25T21:11:33","slug":"kontakt","status":"publish","type":"page","link":"https:\/\/galpin.cz\/?page_id=13","title":{"rendered":"Kontakt"},"content":{"rendered":"\n<h1 class=\"wp-block-heading\" style=\"border-style:none;border-width:0px;font-size:50px\"><em><strong>GALPIN TI\u0160NOV, spol. s r.o.<\/strong><\/em><\/h1>\n\n\n\n<p class=\"has-text-align-left\"><strong><em>U Svratky 1889<\/em> <\/strong>, <strong><em><span style=\"font-size: medium;\"> Ti\u0161nov<\/span><\/em><\/strong><\/p>\n\n\n\n\n\n\n\n<address style=\"text-align: left;\">I\u010c: 26295881 DI\u010c: CZ26295881<\/address>\n\n\n\n\n\n<address style=\"text-align: left;\">registrov\u00e1na u KOS v Brn\u011b 21.8.2002 pod zna\u010dkou odd\u00edl C, vlo\u017eka 42386<\/address>\n\n\n\n\n\n<h2 class=\"wp-block-heading\"><em><strong>Har\u00e1sek Pavel: 737 381 854<\/strong><\/em><\/h2>\n\n\n\n<h2 class=\"wp-block-heading\"><em><strong>Har\u00e1skov\u00e1 Petra: 604 791 049<\/strong><\/em><\/h2>\n\n\n\n\n\n<h2 class=\"wp-block-heading\"><span style=\"font-size: medium;\"> <em><strong>e-mail: <\/strong><\/em><\/span><strong><a href=\"mailto:info@galpin.cz\"><span style=\"font-size: medium;\"> info@galpin.cz<\/span><\/a><\/strong><\/h2>\n\n\n\n<h2 class=\"wp-block-heading\">&nbsp;<\/h2>\n\n\n\n<address>&nbsp;<\/address>\n\n\n\n<address>&nbsp;<\/address>\n\n\n\n<address><strong><span style=\"font-size: medium;\">Kontaktujte n\u00e1s zde: <\/span><\/strong><\/address>\n\n\n\n<p>&nbsp; [contact-form 1 &#8222;Kontaktn\u00ed formul\u00e1\u0159 1&#8220;] <small><a style=\"color: #0000ff; text-align: left;\" href=\"http:\/\/maps.google.cz\/maps?f=d&amp;source=embed&amp;saddr=&amp;daddr=49.340212,16.423544&amp;hl=cs&amp;geocode=&amp;sll=49.340222,16.423565&amp;sspn=0.000876,0.001725&amp;vpsrc=0&amp;brcurrent=5,0,0&amp;mra=mift&amp;mrsp=1&amp;sz=19&amp;ie=UTF8&amp;t=h&amp;z=19\">Zv\u011bt\u0161it mapu<\/a><\/small><\/p>\n\n\n\n<p>&nbsp;<\/p>\n","protected":false},"excerpt":{"rendered":"<p>GALPIN TI\u0160NOV, spol. s r.o. U Svratky 1889 , Ti\u0161nov I\u010c: 26295881 DI\u010c: CZ26295881 registrov\u00e1na u KOS v Brn\u011b 21.8.2002 pod zna\u010dkou odd\u00edl C, vlo\u017eka 42386 Har\u00e1sek Pavel: 737 381 854 Har\u00e1skov\u00e1 Petra: 604 791 049 e-mail: info@galpin.cz &nbsp; &nbsp; &nbsp; Kontaktujte n\u00e1s zde: &nbsp; [contact-form 1 &#8222;Kontaktn\u00ed formul\u00e1\u0159 1&#8220;] Zv\u011bt\u0161it mapu &nbsp;<\/p>\n","protected":false},"author":4,"featured_media":0,"parent":0,"menu_order":0,"comment_status":"open","ping_status":"closed","template":"","meta":{"ngg_post_thumbnail":0,"footnotes":""},"class_list":["post-13","page","type-page","status-publish","hentry"],"_links":{"self":[{"href":"https:\/\/galpin.cz\/index.php?rest_route=\/wp\/v2\/pages\/13","targetHints":{"allow":["GET"]}}],"collection":[{"href":"https:\/\/galpin.cz\/index.php?rest_route=\/wp\/v2\/pages"}],"about":[{"href":"https:\/\/galpin.cz\/index.php?rest_route=\/wp\/v2\/types\/page"}],"author":[{"embeddable":true,"href":"https:\/\/galpin.cz\/index.php?rest_route=\/wp\/v2\/users\/4"}],"replies":[{"embeddable":true,"href":"https:\/\/galpin.cz\/index.php?rest_route=%2Fwp%2Fv2%2Fcomments&post=13"}],"version-history":[{"count":89,"href":"https:\/\/galpin.cz\/index.php?rest_route=\/wp\/v2\/pages\/13\/revisions"}],"predecessor-version":[{"id":350,"href":"https:\/\/galpin.cz\/index.php?rest_route=\/wp\/v2\/pages\/13\/revisions\/350"}],"wp:attachment":[{"href":"https:\/\/galpin.cz\/index.php?rest_route=%2Fwp%2Fv2%2Fmedia&parent=13"}],"curies":[{"name":"wp","href":"https:\/\/api.w.org\/{rel}","templated":true}]}}